
Is 54861968 a multiple of 1287?
False
Does 10 divide 360857178?
False
Does 77 divide 57450792?
False
Does 2924 divide 233189000?
True
Does 111 divide 27214120?
False
Does 31 divide 12013585?
True
Does 18 divide 99885707?
False
Is 368906580 a multiple of 565?
True
Is 886780000 a multiple of 625?
True
Is 444219429 a multiple of 16?
False
Does 3336 divide 26010948?
False
Does 62 divide 220435854?
True
Is 3 a factor of 74250081?
True
Is 118440292 a multiple of 986?
True
Does 1138 divide 47939544?
False
Is 193440992 a multiple of 436?
True
Is 7 a factor of 14528857?
True
Does 3 divide 1259984?
False
Is 1611 a factor of 109438452?
True
Is 71653904 a multiple of 56?
True
Is 555 a factor of 71499540?
True
Is 3512849264 a multiple of 2516?
True
Does 15 divide 395781734?
False
Is 539 a factor of 1226613619?
True
Does 196 divide 294774431?
False
Is 672 a factor of 3609587520?
True
Is 267277436 a multiple of 312?
False
Does 47 divide 2345613631?
True
Does 58 divide 25069862?
True
Is 185 a factor of 29339812?
False
Is 8 a factor of 9702020?
False
Is 5310 a factor of 141839664?
False
Is 1734808 a multiple of 4?
True
Does 2281 divide 19098813?
True
Does 301 divide 218514112?
False
Does 8 divide 67956101?
False
Is 28168796 a multiple of 57?
False
Is 167 a factor of 16756613?
True
Is 250245490 a multiple of 55?
True
Does 147 divide 169947623?
False
Does 1411 divide 68626807?
True
Is 1138188190 a multiple of 470?
True
Is 734573220 a multiple of 4?
True
Does 4033 divide 3393285691?
False
Is 76 a factor of 190016720?
True
Is 17686634 a multiple of 7?
True
Is 7604101 a multiple of 23?
False
Is 154479852 a multiple of 9?
True
Is 4 a factor of 70635782?
False
Is 81258896 a multiple of 152?
True
Is 21 a factor of 1252034889?
True
Is 8 a factor of 9476672?
True
Is 116 a factor of 281136092?
True
Is 1576011810 a multiple of 6019?
False
Is 63 a factor of 29950515?
True
Is 180202388 a multiple of 764?
True
Does 22 divide 93048942?
False
Is 74 a factor of 36774053?
False
Does 84 divide 1088306520?
True
Does 262 divide 386315594?
True
Is 159908030 a multiple of 4?
False
Does 1131 divide 45472986?
True
Is 140 a factor of 37094648?
False
Is 49531512 a multiple of 552?
True
Does 47 divide 1227292137?
False
Does 59 divide 38635737?
True
Does 2112 divide 185368128?
True
Is 332774338 a multiple of 66?
False
Does 20 divide 1579871577?
False
Is 9 a factor of 48940317?
True
Is 214 a factor of 290678942?
False
Is 535 a factor of 5589006?
False
Is 1900459480 a multiple of 287?
False
Is 9099489 a multiple of 38?
False
Is 262181100 a multiple of 115?
False
Is 2889237432 a multiple of 71?
False
Is 5566421 a multiple of 10?
False
Is 12 a factor of 21715367?
False
Is 77119123 a multiple of 17?
True
Is 4 a factor of 2659517988?
True
Is 168827510 a multiple of 191?
False
Does 770 divide 205730460?
False
Is 277245411 a multiple of 907?
True
Is 5837 a factor of 1458059252?
True
Does 196 divide 116062101?
False
Does 142 divide 790534448?
True
Does 26 divide 57457114?
True
Is 73 a factor of 20374839?
False
Is 42900060 a multiple of 4?
True
Is 91 a factor of 47584279?
False
Is 85621364 a multiple of 12?
False
Is 17442110 a multiple of 2?
True
Is 27 a factor of 1513039463?
False
Is 25463732 a multiple of 34?
False
Does 51 divide 274205504?
False
Does 142 divide 243788965?
False
Is 15853940 a multiple of 1474?
False
Is 566 a factor of 282621346?
True
Is 91689972 a multiple of 57?
True
Is 413 a factor of 1097436816?
True
Does 226 divide 1767765898?
True
Does 5101 divide 313319645?
False
Does 22 divide 157472327?
False
Is 223 a factor of 2053006917?
False
Is 89 a factor of 20085342?
True
Is 154836850 a multiple of 34?
True
Is 72 a factor of 31986000?
True
Is 11014704 a multiple of 3?
True
Is 9286748 a multiple of 1667?
False
Is 36 a factor of 701438969?
False
Does 14 divide 2265521193?
False
Does 54 divide 33619104?
True
Is 38 a factor of 92209433?
False
Is 17 a factor of 6779875?
False
Is 60 a factor of 327557940?
True
Is 56571952 a multiple of 58?
False
Is 258585799 a multiple of 48?
False
Does 9 divide 182493?
True
Does 1411 divide 3222724?
True
Is 15249183 a multiple of 16?
False
Is 358 a factor of 22731926?
True
Is 24839668 a multiple of 28?
True
Does 1552 divide 234955728?
True
Is 55531203 a multiple of 39?
True
Does 242 divide 64179257?
False
Does 5203 divide 2591208466?
True
Does 31 divide 73586390?
False
Does 165 divide 7039937?
False
Is 21 a factor of 48180530?
False
Does 30 divide 3111261870?
True
Is 15 a factor of 1570882875?
True
Is 1323 a factor of 22632561?
True
Is 133206968 a multiple of 3461?
True
Does 22 divide 27231644?
True
Does 5151 divide 536600274?
True
Does 3 divide 96720340?
False
Is 1559 a factor of 43431076?
False
Is 99464824 a multiple of 1538?
False
Does 56 divide 148034320?
True
Is 597558568 a multiple of 4?
True
Is 351 a factor of 657922737?
False
Is 1633954 a multiple of 8?
False
Is 477 a factor of 692161344?
True
Does 11813 divide 2248520208?
False
Is 635278007 a multiple of 164?
False
Is 699 a factor of 120532748?
False
Does 591 divide 5288859?
True
Is 182 a factor of 1173923795?
False
Does 14 divide 88716665?
False
Is 157902165 a multiple of 15?
True
Does 546 divide 216612937?
False
Is 50399300 a multiple of 4?
True
Is 161 a factor of 94507322?
True
Is 54751991 a multiple of 259?
False
Does 14 divide 127974980?
True
Is 402 a factor of 205718676?
True
Is 1611 a factor of 554908446?
False
Is 23 a factor of 100414461?
False
Is 19292796 a multiple of 369?
True
Does 221 divide 118483610?
False
Is 7540588 a multiple of 11?
True
Is 207 a factor of 191219449?
False
Does 112 divide 908378016?
True
Is 363 a factor of 32279412?
True
Does 211 divide 78199638?
False
Does 28 divide 43599752?
True
Is 21259177 a multiple of 1288?
False
Is 919568350 a multiple of 560?
False
Is 19913202 a multiple of 48?
False
Is 619 a factor of 2664002680?
True
Does 400 divide 220785200?
True
Does 86 divide 15064535?
False
Is 1288 a factor of 26685565?
False
Does 168 divide 232504272?
True
Is 8478174137 a multiple of 911?
False
Does 25 divide 7829629?
False
Is 19356480 a multiple of 2288?
True
Is 9 a factor of 2229405?
False
Is 14912853 a multiple of 19?
True
Is 198 a factor of 918442478?
False
Is 57285843 a multiple of 19?
False
Is 484 a factor of 852423220?
True
Does 14 divide 1987144882?
False
Is 949609056 a multiple of 2628?
False
Is 642105 a multiple of 31?
False
Is 271205977 a multiple of 78?
False
Does 11 divide 4029505711?
True
Is 768096283 a multiple of 135?
False
Is 15502585 a multiple of 4178?
False
Is 113 a factor of 104812939?
False
Does 497 divide 300861520?
False
Does 405 divide 114003515?
False
Does 334 divide 94765740?
False
Is 77 a factor of 417804521?
False
Does 1110 divide 46952161?
False
Is 48 a factor of 299555375?
False
Is 10825080 a multiple of 980?
True
Is 86584059 a multiple of 1627?
True
Is 695 a factor of 32856125?
True
Does 33 divide 33392007?
True
Is 145544019 a multiple of 371?
False
Is 10 a factor of 16346170?
True
Does 1257 divide 18450981?
False
Is 72 a factor of 63454527?
False
Is 33560942 a multiple of 189?
False
Does 46 divide 40847816?
True
Is 324407805 a multiple of 300?
False
Is 30045062 a multiple of 622?
False
Is 143 a factor of 3571166742?
True
Is 4 a factor of 447591532?
True
Is 446541067 a multiple of 20?
False
Is 3521 a factor of 42098704?
False
Is 830 a factor of 2523235830?
False
Is 472 a factor of 339203744?
True
Does 3324 divide 145480210?
False
Does 10 divide 2834549988?
False
Is 36 a factor of 470943178?
False
Is 435420909 a multiple of 12?
False
Is 2475452421 a multiple of 39?
True
Does 3797 divide 319464392?
True
Does 8108 divide 503845977?
False
Is 961976357 a multiple of 1228?
False
Does 13 divide 4203979?
True
Is 1548 a factor of 26447840?
False
Does 17 divide 352351075?
False
Is 19942630 a multiple of 185?
True
Is 24202200 a multiple of 1544?
True
Does 963 divide 413422316?
False
Is 9 a factor of 69466573?
False
Is 2775 a factor of 43038406?
False
Is 84444430 a multiple of 197?
False
Is 21100779 a multiple of 3091?
False
Is 118 a factor of 2296305575?
False
Does 2462 divide 281901462?
True
Is 1764382120 a multiple of 304?
False
Is 14 a factor of 184684985?
False
Is 863989086 a multiple of 691?
True
Is 49625375 a multiple of 115?
True
I